*c**3 + 11*c**2 - 475*c - 2858. Give w(-6).
-44
Let v(j) = -46*j - 1250. What is v(-41)?
636
Let o(j) = -567*j + 2932. Give o(5).
97
Let f(y) = 8*y + 1059. Determine f(-63).
555
Let j(y) = 1487*y + 69891. Calculate j(-47).
2
Let o(w) = w**3 + 152*w**2 - 6591*w + 1612. Determine o(35).
2
Let d(b) = -2*b**3 + 31*b**2 + 281*b + 259. Determine d(-11).
3581
Let f(y) = 16184*y + 7978714. Give f(-493).
2
Let y(f) = -5746*f - 212651. Calculate y(-37).
-49
Let b(p) = -8*p**2 - 240*p + 11010. Calculate b(25).
10
Let r(h) = -h**2 + 4932*h + 59142. Determine r(-12).
-186
Let c(q) = -29*q**2 - 1301*q + 1511. Give c(-46).
-7
Let u(l) = 692*l + 422829. Determine u(-611).
17
Let d(z) = 694*z + 4374. Determine d(-8).
-1178
Let q(r) = -52*r**2 + 15507*r - 3360. What is q(298)?
-82
Let l(w) = 103*w**3 + 649*w**2 - 8*w - 20. Calculate l(-6).
1144
Let d(u) = -51*u**2 + 2020*u + 4061. Determine d(-2).
-183
Let g(c) = 3192*c - 24803. Calculate g(8).
733
Let z(y) = -4*y**3 + 134*y**2 + 1043*y - 112. Give z(40).
8
Let v(y) = 2306*y + 6903. Determine v(-3).
-15
Let s(b) = -2*b**3 + 269*b**2 + 130*b + 664. Determine s(135).
-11
Let v(k) = 11*k**2 + 519*k - 948. What is v(-49)?
32
Let a(r) = -58*r - 9097. Determine a(-139).
-1035
Let c(m) = 196*m - 1466. What is c(8)?
102
Let y(d) = -8192*d - 16434. Give y(-2).
-50
Let a(u) = -728*u + 332750. Calculate a(459).
-1402
Let a(k) = -k**3 - 42*k**2 + 73*k + 3107. Determine a(-42).
41
Let m(a) = 114060*a + 3535824. Determine m(-31).
-36
Let l(n) = -973037*n - 1946109. What is l(-2)?
-35
Let z(k) = -438*k + 10653. Calculate z(24).
141
Let g(p) = -234413*p - 3985072. Determine g(-17).
-51
Let w(z) = -7*z**3 + 118*z**2 - 90*z + 1751. Give w(17).
-68
Let k(v) = 9531*v + 38122. Determine k(-4).
-2
Let w(s) = s**3 - 19*s**2 - 62*s + 334. Calculate w(22).
422
Let u(s) = -5743*s + 17225. What is u(3)?
-4
Let c(d) = -10222*d - 510866. What is c(-50)?
234
Let r(m) = -981*m - 101970. What is r(-104)?
54
Let f(j) = -j**2 + 97*j + 103. Calculate f(20).
1643
Let j(h) = 2*h**3 - 51*h**2 + 138*h + 41. Give j(3).
50
Let v(k) = k**2 + 7725*k + 905111. Calculate v(-119).
-3
Let f(l) = -3470*l - 246352. What is f(-71)?
18
Let r(s) = 2095*s - 31529. Determine r(15).
-104
Let f(d) = -2*d**3 + 65*d**2 - 165*d - 373. Calculate f(29).
729
Let o(x) = -22923*x + 321159. Determine o(14).
237
Let o(s) = 179*s - 10274. Determine o(57).
-71
Let t(b) = 26873*b - 2149846. What is t(80)?
-6
Let l(z) = -2*z**3 - 437*z**2 - 230*z - 2759. What is l(-218)?
-143
Let v(y) = -12*y**2 + 31696*y + 63441. Give v(-2).
1
Let j(p) = 2*p**3 - p**2 + 14112*p - 14111. Give j(1).
2
Let c(w) = 593*w + 5833. Give c(-8).
1089
Let l(g) = -4016*g - 686720. Calculate l(-171).
16
Let k(c) = 157*c + 769. Give k(-4).
141
Let z(w) = -2*w**2 + 7174*w + 43031. Determine z(-6).
-85
Let p(u) = -4969*u - 34710. Determine p(-7).
73
Let z(s) = s**3 + 8151*s**2 + 2767582*s + 705. What is z(-355)?
-5
Let n(z) = -3*z**3 + 363*z + 1522. Give n(-6).
-8
Let f(q) = -q**3 + 74*q**2 + 237*q - 960. Give f(77).
-498
Let o(b) = b**2 - 898*b - 223559. What is o(-203)?
-56
Let j(t) = -t**3 - 29*t**2 + 524. Give j(-25).
-1976
Let z(v) = 2*v**3 + 119*v**2 + 205*v - 4581. What is z(-57)?
-21
Let l(n) = n**2 - 156354*n - 938120. Determine l(-6).
40
Let h(a) = 2824*a - 42580. Determine h(15).
-220
Let b(l) = l**2 - 8065*l + 1210544. Calculate b(153).
8
Let k(u) = -58*u**2 - 35730*u - 1234. Determine k(-616).
-2
Let x(u) = -3780*u + 3811. Calculate x(1).
31
Let u(l) = -8*l**2 - 194*l - 658. Determine u(-4).
-10
Let t(x) = -417*x + 3068. Determine t(5).
983
Let d(p) = -p**3 + 15*p**2 - 11*p - 122. Give d(13).
73
Let w(p) = -15819*p - 1550232. Calculate w(-98).
30
Let i(u) = -45*u + 1666. Give i(37).
1
Let j(p) = -15*p**3 - 18*p**2 - 29*p - 7. What is j(-6)?
2759
Let w(n) = n**3 + 138*n**2 - 2863*n - 8695. Give w(-156).
-115
Let n(r) = -r**3 - 735*r**2 - 2244*r - 35267. Calculate n(-732).
-131
Let d(w) = -218*w - 5687. Calculate d(-23).
-673
Let w(c) = c**3 + 19*c**2 + 42*c + 681. Calculate w(0).
681
Let y(h) = h**3 + 17*h**2 + 9641*h + 124666. Determine y(-13).
9
Let p(r) = r**3 + 9*r**2 + 349*r + 3582. Calculate p(-10).
-8
Let m(v) = 3*v**3 + 78*v**2 + 466*v + 68. Determine m(-9).
5
Let x(i) = -8233*i - 510453. What is x(-62)?
-7
Let l(v) = -5008*v - 100364. Determine l(-20).
-204
Let u(n) = -n**2 + 144*n - 6902. What is u(87)?
-1943
Let r(h) = -7*h**2 + 41*h - 145. Calculate r(8).
-265
Let f(k) = 3336*k - 460366. Determine f(138).
2
Let u(b) = -2*b**3 + 119*b**2 - 1694*b - 224. Give u(24).
16
Let g(f) = -246*f + 2144. Give g(12).
-808
Let x(c) = -459774*c + 3678186. What is x(8)?
-6
Let j(y) = -34332*y - 34507. Calculate j(-1).
-175
Let d(j) = -5*j**2 - 190*j - 110. Determine d(-35).
415
Let s(i) = 9552*i + 296114. Determine s(-31).
2
Let f(g) = -31*g - 5743. Calculate f(-185).
-8
Let w(m) = -33*m**2 - 2153*m - 599. What is w(-65)?
-79
Let r(l) = 13*l**3 + 6320*l**2 + 960*l - 5839. Give r(-486).
-7
Let a(m) = 2259*m - 289274. Determine a(128).
-122
Let u(x) = 6*x**2 + 198*x + 757. What is u(-29)?
61
Let m(z) = 366*z + 7360. Determine m(-19).
406
Let m(v) = 141*v**2 + 254*v + 53. Determine m(-4).
1293
Let n(m) = -6*m**2 - 66*m - 499. Give n(-15).
-859
Let f(t) = -4272*t - 802993. Determine f(-188).
143
Let h(k) = 3971*k + 51643. Calculate h(-13).
20
Let a(h) = 385464*h - 2312747. Give a(6).
37
Let u(t) = -t**3 + 68*t**2 - 626*t + 237. Determine u(57).
294
Let z(d) = -4201*d - 1662. Give z(0).
-1662
Let h(n) = 17786*n + 337929. Calculate h(-19).
-5
Let g(y) = y**3 - 50*y**2 - 847*y - 2803. What is g(64)?
333
Let d(p) = 2*p**3 + 141*p**2 + 468*p - 135. Calculate d(-67).
-68
Let y(c) = 1079*c**2 - 25884*c - 248. Give y(24).
40
Let l(w) = 3033*w + 51606. Determine l(-17).
45
Let b(k) = -9*k**2 - 227*k - 691. Determine b(-3).
-91
Let x(r) = -25045*r + 376199. Determine x(15).
524
Let r(l) = -l**2 + 54296*l - 15500553. Calculate r(287).
30
Let r(z) = -2*z**2 + 476*z + 4185. What is r(250)?
-1815
Let y(p) = 7709*p - 123340. What is y(16)?
4
Let r(w) = 6*w**3 - 11*w**2 - 18*w - 13. Determine r(-6).
-1597
Let p(b) = 20*b**2 + 293*b + 2079. Calculate p(-10).
1149
Let x(v) = -2*v**3 - 96*v**2 - 257*v + 421. Give x(-45).
-164
Let c(y) = 32949*y + 32776. Calculate c(-1).
-173
Let g(k) = 228*k**2 - 1658*k + 448. Determine g(7).
14
Let s(c) = -14490*c - 173769. What is s(-12)?
111
Let i(a) = 3*a**2 - 1556*a - 39072. What is i(-24)?
0
Let k(m) = -m**2 + 59*m + 229. Calculate k(54).
499
Let n(z) = 12*z + 341. Determine n(21).
593
Let i(p) = p**3 - 407*p**2 + 24*p - 9774. Determine i(407).
-6
Let i(s) = 44*s**2 - 314*s + 310. Give i(6).
10
Let o(x) = -1625*x + 26000. Determine o(16).
0
Let m(o) = o**3 + 23*o**2 - 333*o + 414. Determine m(-33).
513
Let x(o) = -o**2 - 146*o - 3643. What is x(-116)?
-163
Let h(m) = -193515*m - 1741594. Give h(-9).
41
Let z(n) = -1021*n + 15196. Determine z(13).
1923
Let v(q) = -3*q**2 + 365*q + 8563. Give v(142).
-99
Let t(d) = 3*d**2 + 5770*d + 1648333. Determine t(-349).
6
Let p(w) = w**3 - 17*w**2 - 2100*w + 6421. Determine p(3).
-5
Let a(d) = -25499*d + 127608. Calculate a(5).
113
Let i(f) = 2*f**3 - 47*f**2 - 495*f + 11999. What is i(23)?
85
Let z(m) = -2*m**3 - 3*m**2 + 3895*m + 23334. What is z(-6)?
288
Let b(u) = 1089*u - 10895. Calculate b(10).
-5
Let g(p) = 5*p**3 - 11*p**2 - 2437*p - 30. What is g(-21)?
-9
Let n(j) = -3445*j + 21168. Give n(6).
498
Let z(h) = -2*h**3 + 74*h**2 - 628*h + 6. Determine z(14).
230
Let v(b) = 28*b + 7576. Determine v(-274).
-96
Let m(j) = -3*j**3 + 354*j**2 - 5637*j - 108. Give m(19).
6
Let s(o) = 2*o**3 + 40*o**2 + 91*o - 877. Calculate s(-15).
8
Let k(m) = 14*m**3 - 1294*m**2 - 30691*m + 338. Determine k(112).
2
Let s(v) = -v**3 - 106*v**2 - 1329*v - 3265. Calculate s(-92).
507
Let y(x) = x**2 + 158*x + 6258. What is y(-76)?
26
Let y(m) = -22*m**2 + 1357*m + 20059. What is y(74)?
5
Let h(q) = 3*q**2 - 1431*q - 5744. Give h(-4).
28
Let s(y) = -46873*y + 656354. Calculate s(14).
132
Let x(r) = 2*r**3 - 218*r**2 - 294*r + 32033. Calculate x(109).
-13
Let o(z) = -z**3 + z**2 + 937*z - 3704. Determine o(4).
-4
Let o(k) = -k**3 + 25*k**2 + 198*k - 3898. Calculate o(11).
-26
Let t(k) = 16*k**2 - 1594*k + 36194. Determine t(35).
4
Let v(z) = -z**2 + 3448*z + 1386